composite?
True
Is 56965 a composite number?
True
Is 140993 composite?
True
Is 115829 a composite number?
True
Is 14995 composite?
True
Is 6947 a prime number?
True
Is 439541 a composite number?
False
Is 3589 composite?
True
Is 173279 composite?
True
Is 3989 a composite number?
False
Is 73673 composite?
False
Is 11351 a composite number?
False
Is 194219 composite?
True
Is 106853 composite?
False
Is 110897 a composite number?
True
Is 6733 prime?
True
Is 253049 composite?
False
Is 12179 a composite number?
True
Is 13033 a composite number?
False
Is 87034 prime?
False
Is 107993 a composite number?
True
Is 1671 a composite number?
True
Is 1591793 a composite number?
True
Is 6899 prime?
True
Is 14051 a composite number?
False
Is 6217 a composite number?
False
Is 7709 prime?
False
Is 1298269 a composite number?
True
Is 3313715 prime?
False
Is 47759 a composite number?
True
Is 103349 prime?
True
Is 2913313 a composite number?
True
Is 1679981 prime?
True
Is 317911 a prime number?
False
Is 184477 a prime number?
True
Is 5260661 a prime number?
False
Is 1651 composite?
True
Is 3805463 prime?
True
Is 10133 prime?
True
Is 180731 composite?
False
Is 18319 composite?
True
Is 50767 composite?
False
Is 142399 a composite number?
True
Is 479 a prime number?
True
Is 3985 prime?
False
Is 29269 a composite number?
False
Is 162163 a composite number?
True
Is 763813 prime?
False
Is 56251 a prime number?
False
Is 4751 a prime number?
True
Is 231919 composite?
False
Is 398887 a prime number?
True
Is 178931 a prime number?
True
Is 27121 prime?
False
Is 10565 prime?
False
Is 21233 prime?
False
Is 105227 a prime number?
True
Is 50019 composite?
True
Is 815 composite?
True
Is 9311 prime?
True
Is 60589 prime?
True
Is 2569 a prime number?
False
Is 1657 composite?
False
Is 184693 a composite number?
False
Is 5071 a prime number?
False
Is 139813 prime?
True
Is 142757 a prime number?
True
Is 6743 a prime number?
False
Is 76951 composite?
True
Is 47113 a composite number?
True
Is 80573 a composite number?
True
Is 73643 a prime number?
True
Is 41357 a composite number?
False
Is 379 a composite number?
False
Is 5381 a prime number?
True
Is 14411 a composite number?
False
Is 184517 a composite number?
False
Is 4699 prime?
False
Is 9649 a prime number?
True
Is 83137 prime?
True
Is 10427 composite?
False
Is 428783 prime?
False
Is 3319 prime?
True
Is 39901 a prime number?
True
Is 38723 composite?
False
Is 11887 prime?
True
Is 134065 a prime number?
False
Is 5631 prime?
False
Is 10231 a composite number?
True
Is 66337 a composite number?
False
Is 52463 composite?
True
Is 335549 prime?
False
Is 17621 a prime number?
False
Is 14503 composite?
False
Is 388651 composite?
False
Is 507671 composite?
True
Is 745 a composite number?
True
Is 70393 prime?
True
Is 27539 composite?
False
Is 124561 a composite number?
False
Is 9983 a composite number?
True
Is 15299 prime?
True
Is 13911 prime?
False
Is 1243 prime?
False
Is 19369 composite?
True
Is 67171 a prime number?
False
Is 12109367 a composite number?
False
Is 714377 composite?
False
Is 11787 prime?
False
Is 8482 prime?
False
Is 1293 prime?
False
Is 19031 a composite number?
False
Is 169049 prime?
True
Is 518933 composite?
False
Is 13323 prime?
False
Is 461507 prime?
True
Is 5323 prime?
True
Is 536531 a prime number?
True
Is 15783 composite?
True
Is 20477 a composite number?
False
Is 2059253 prime?
False
Is 7604471 composite?
True
Is 27479 a composite number?
False
Is 2503 composite?
False
Is 34837 composite?
True
Is 145571 a prime number?
False
Is 2201683 a composite number?
True
Is 374203 composite?
False
Is 25457 composite?
False
Is 9109 prime?
True
Is 238099 a composite number?
False
Is 24754 a composite number?
True
Is 39079 prime?
True
Is 919157 a prime number?
False
Is 63905 prime?
False
Is 50119 prime?
True
Is 11485 composite?
True
Is 7817 prime?
True
Is 23979 prime?
False
Is 115649 composite?
True
Is 176623 a prime number?
False
Is 56453 composite?
False
Is 158141 composite?
False
Is 295111 composite?
False
Is 78707 a prime number?
True
Is 54647 prime?
True
Is 92122 a composite number?
True
Is 100131 a prime number?
False
Is 39761 prime?
True
Is 2874673 prime?
True
Is 164779 a composite number?
True
Is 364937 a prime number?
True
Is 33049 prime?
True
Is 555323 composite?
True
Is 889 composite?
True
Is 1627985 composite?
True
Is 142267 a composite number?
True
Is 33827 prime?
True
Is 9287 a composite number?
True
Is 348547 composite?
False
Is 9931 prime?
True
Is 75667 a prime number?
False
Is 55849 prime?
True
Is 24323 a prime number?
False
Is 3746329 a composite number?
False
Is 3696619 prime?
True
Is 2037689 a prime number?
True
Is 8501 composite?
False
Is 7789 composite?
False
Is 39677 a prime number?
False
Is 192929 a prime number?
False
Is 4835 composite?
True
Is 65257 a composite number?
False
Is 152363 a prime number?
True
Is 225023 a composite number?
False
Is 26029 a composite number?
False
Is 11311 a prime number?
True
Is 2444687 a composite number?
True
Is 1559 a prime number?
True
Is 102281 a composite number?
True
Is 122777 a composite number?
False
Is 43311 a composite number?
True
Is 29243 prime?
True
Is 494023 composite?
False
Is 3133 a prime number?
False
Is 107563 a prime number?
True
Is 171781 a composite number?
True
Is 2881 a prime number?
False
Is 9973 prime?
True
Is 389417 a prime number?
False
Is 52985 prime?
False
Is 4267 a prime number?
False
Is 340007 a composite number?
False
Is 3847037 a composite number?
False
Is 5437 a prime number?
True
Is 7789 prime?
True
Is 53923 composite?
False
Is 9587 composite?
False
Is 20413 prime?
False
Is 13045 composite?
True
Is 6247 a composite number?
False
Is 218851 prime?
False
Is 33017 a prime number?
False
Is 5771 prime?
False
Is 868631 a prime number?
False
Is 1985 composite?
True
Is 1927 prime?
False
Is 4721 prime?
True
Is 27239 prime?
True
Is 3659 a prime number?
True
Is 465019 composite?
False
Is 3977 composite?
True
Is 90547 a prime number?
True
Is 22613 a prime number?
True
Is 18019 composite?
True
Is 2900119 a prime number?
True
Is 24029 prime?
True
Is 543 a composite number?
True
Is 26797 a prime number?
False
Is 144962 prime?
False
Is 12147 composite?
True
Is 196067 a prime number?
False
Is 1933507 a composite number?
True
Is 581447 composite?
False
Is 163369 composite?
True
Is 631 prime?
True
Is 29473 a prime number?
True
Is 797 composite?
False
Is 67955 composite?
True
Is 307817 a prime number?
True
Is 16495 a composite number?
True
Is 34585 prime?
False
Is 54779 a composite number?
False
Is 342593 prime?
True
Is 31621 a composite number?
True
Is 4281 a prime number?
False
Is 36922 a prime number?
False
Is 202534 prime?
False
Is 24935 a composite number?
True
Is 5981 composite?
False
Is 98203 a prime number?
False
Is 51857 composite?
True
Is 580238 prime?
False
Is 187843 a prime number?
True
Is 1549495 composite?
True
Is 3646 composite?
True
Is 1612391 a composite number?
True
Is 70289 composite?
False
Is 684407 a prime number?
True
Is 24883 composite?
True
Is 4861 a prime number?
True
Is 22611 a prime number?
False
Is 354847 a composite number?
False
Is 5623 a composite number?
False
Is 368351 prime?
False
Is 107231 a prime number?
False
Is 765295 a composite number?
True
Is 4391153 a prime number?
False
Is 493567 prime?
True
Is 169051 a composite number?
True
Is 28201 a prime number?
True
Is 223 composite?
False
Is 5583 prime?
False
Is 81115 prime?
False
Is 19237 prime?
True
Is 83 a prime number?
True
Is 163819 a prime number?
True
Is 1693249 composite?
False
Is 1693 a prime number?
True
Is 65497 composite?
False
Is 798731 a prime number?
False
Is 143909 a prime number?
True
Is 598843 composite?
True
Is 86971 a prime number?
False
Is 31957 composite?
False
Is 477461 composite?
False
Is 90299 composite?
True
Is 10903 prime?
True
Is 565427 composite?
False
Is 1133 composite?
True
Is 433451 composite?
True
Is 21077 a prime number?
False
Is 4859 a prime number?
False
Is 339 composite?
True
Is 133645 composite?
True
Is 3499 composite?
False
Is 124237 a prime number?
False
Is 1411271 a composite number?
False
Is 1438379 composite?
False
Is 300463 prime?
True
Is 521 a prime number?
True
Is 10793 composite?
True
Is 1087 composite?
False
Is 82421 composite?
Fals